{"id":1193,"date":"2022-03-15T12:47:58","date_gmt":"2022-03-15T12:47:58","guid":{"rendered":"http:\/\/www.piscinasadosados.com\/501aqua\/?page_id=1193"},"modified":"2022-05-04T17:41:31","modified_gmt":"2022-05-04T17:41:31","slug":"ventaeinstalacion","status":"publish","type":"page","link":"https:\/\/www.piscinasadosados.com\/501aqua\/ventaeinstalacion\/","title":{"rendered":"Venta e instalaci\u00f3n de piscinas elevadas"},"content":{"rendered":"\n<p>Nuestros clientes nos buscan para que les asesoremos en la compra de su piscina y adem\u00e1s les facilitemos el montaje de la misma, ya que en muchas ocasiones, suele ser m\u00e1s complejo de lo que parece adem\u00e1s de necesitar ayuda y horas de trabajo<\/p>\n\n\n\n<figure class=\"wp-block-image size-large\"><img loading=\"lazy\" decoding=\"async\" width=\"1024\" height=\"576\" src=\"https:\/\/www.piscinasadosados.com\/501aqua\/wp-content\/uploads\/2017\/02\/montaje-1024x576.jpg\" alt=\"\" class=\"wp-image-162\" srcset=\"https:\/\/www.piscinasadosados.com\/501aqua\/wp-content\/uploads\/2017\/02\/montaje-1024x576.jpg 1024w, https:\/\/www.piscinasadosados.com\/501aqua\/wp-content\/uploads\/2017\/02\/montaje-600x338.jpg 600w, https:\/\/www.piscinasadosados.com\/501aqua\/wp-content\/uploads\/2017\/02\/montaje-300x169.jpg 300w, https:\/\/www.piscinasadosados.com\/501aqua\/wp-content\/uploads\/2017\/02\/montaje-768x432.jpg 768w, https:\/\/www.piscinasadosados.com\/501aqua\/wp-content\/uploads\/2017\/02\/montaje-1110x624.jpg 1110w, https:\/\/www.piscinasadosados.com\/501aqua\/wp-content\/uploads\/2017\/02\/montaje-528x297.jpg 528w, https:\/\/www.piscinasadosados.com\/501aqua\/wp-content\/uploads\/2017\/02\/montaje.jpg 1280w\" sizes=\"(max-width: 1024px) 100vw, 1024px\" \/><\/figure>\n\n\n\n<div class=\"wp-block-image coblocks-animate\" data-coblocks-animation=\"zoomIn\"><figure class=\"aligncenter size-full\"><a href=\"https:\/\/www.piscinasadosados.com\/501aqua\/tienda\/\"><img loading=\"lazy\" decoding=\"async\" width=\"464\" height=\"239\" src=\"https:\/\/www.piscinasadosados.com\/501aqua\/wp-content\/uploads\/2022\/05\/tiendaonline.png\" alt=\"\" class=\"wp-image-1594\" srcset=\"https:\/\/www.piscinasadosados.com\/501aqua\/wp-content\/uploads\/2022\/05\/tiendaonline.png 464w, https:\/\/www.piscinasadosados.com\/501aqua\/wp-content\/uploads\/2022\/05\/tiendaonline-300x155.png 300w\" sizes=\"(max-width: 464px) 100vw, 464px\" \/><\/a><\/figure><\/div>\n","protected":false},"excerpt":{"rendered":"<p>Nuestros clientes nos buscan para que les asesoremos en la compra de su piscina y adem\u00e1s les facilitemos el montaje de la misma, ya que en muchas ocasiones, suele ser m\u00e1s complejo de lo que parece adem\u00e1s de necesitar ayuda y horas de trabajo<\/p>\n","protected":false},"author":1,"featured_media":937,"parent":0,"menu_order":0,"comment_status":"closed","ping_status":"closed","template":"","meta":{"_coblocks_attr":"","_coblocks_dimensions":"","_coblocks_responsive_height":"","_coblocks_accordion_ie_support":"","ngg_post_thumbnail":0,"footnotes":""},"class_list":["post-1193","page","type-page","status-publish","has-post-thumbnail","czr-hentry"],"_links":{"self":[{"href":"https:\/\/www.piscinasadosados.com\/501aqua\/wp-json\/wp\/v2\/pages\/1193"}],"collection":[{"href":"https:\/\/www.piscinasadosados.com\/501aqua\/wp-json\/wp\/v2\/pages"}],"about":[{"href":"https:\/\/www.piscinasadosados.com\/501aqua\/wp-json\/wp\/v2\/types\/page"}],"author":[{"embeddable":true,"href":"https:\/\/www.piscinasadosados.com\/501aqua\/wp-json\/wp\/v2\/users\/1"}],"replies":[{"embeddable":true,"href":"https:\/\/www.piscinasadosados.com\/501aqua\/wp-json\/wp\/v2\/comments?post=1193"}],"version-history":[{"count":4,"href":"https:\/\/www.piscinasadosados.com\/501aqua\/wp-json\/wp\/v2\/pages\/1193\/revisions"}],"predecessor-version":[{"id":1596,"href":"https:\/\/www.piscinasadosados.com\/501aqua\/wp-json\/wp\/v2\/pages\/1193\/revisions\/1596"}],"wp:featuredmedia":[{"embeddable":true,"href":"https:\/\/www.piscinasadosados.com\/501aqua\/wp-json\/wp\/v2\/media\/937"}],"wp:attachment":[{"href":"https:\/\/www.piscinasadosados.com\/501aqua\/wp-json\/wp\/v2\/media?parent=1193"}],"curies":[{"name":"wp","href":"https:\/\/api.w.org\/{rel}","templated":true}]}}